et h be v(-1). Suppose p = -h*p + 4. Let y(i) = 4*i + 1. What is y(p)?
5
Let s(u) = -5*u + 3. Let q(w) = -24*w + 15. Let b(v) = 4*q(v) - 21*s(v). What is b(2)?
15
Let a(x) = 3*x**2 - 10*x**3 - 3 + 8*x**2 + 11*x**3. Calculate a(-11).
-3
Let u = 3 - 2. Let k = u + -5. Let f(t) = 1 + 7*t - 6*t + 1. Determine f(k).
-2
Let m(l) = 1 - 33*l + 30*l - 4 - l**2. Calculate m(-2).
-1
Let r(p) = -p**2 + p - 3. Let f be (4/6)/((-5)/(-15)). Suppose 2*y + 94 = -5*g, -f*y - 54 = 3*g - 0*y. Let d be (-1)/4 + (-65)/g. Determine r(d).
-9
Let p(h) = -8*h**3 + h**2 - h - 1. Suppose 4*u = 3*u + 4. Suppose 3*v - 1 = -u. Determine p(v).
9
Let t be (-4)/(-16) + (-10)/8. Let z = 1 + t. Let q(w) = w + 3*w + z*w + 12 - 3*w. Give q(-5).
7
Let v(b) = -3*b - 6. Let c be v(-4). Let l be (0 + 2)*c/(-4). Let z(x) = 2*x + 4. Let s be z(l). Let q(t) = 2*t**2 + 3*t. Calculate q(s).
2
Let g(a) = -2*a**2 - 6*a - 5. Let q be g(-3). Let n(r) = r**2 + 4*r - 1. What is n(q)?
4
Let h(s) be the second derivative of s**3/6 - 2*s**2 + 7*s. Calculate h(-3).
-7
Let w(t) = 4*t - 2. Let f be (-4)/10 - (-27)/5. Suppose -32 = -2*i - 4*r, 4*i + 5*r - 76 = r. Let c be i/10 - 1/f. Give w(c).
6
Let c(g) = g**3 - 2*g + 1. Let k be (12/(-10))/((-9)/45). Suppose -k*z + 11*z + 10 = 0. Give c(z).
-3
Suppose 4*h = -11 - 17. Let o = -8 - h. Let a(x) = 13*x**3 - 2*x - 1. Calculate a(o).
-12
Let l(n) be the first derivative of n**3/3 - 2*n**2 + 2*n + 19. Let i(w) = -w**3 - 6*w**2 - 5*w + 3. Let k be i(-5). Calculate l(k).
-1
Let g(v) = -8*v - 2. Let i(c) = 9*c + 3. Let m(q) = -4*g(q) - 3*i(q). What is m(-3)?
-16
Suppose 6*a - a = -20. Let d(t) = 0*t - 87 - t + 87. Calculate d(a).
4
Let f(r) = -r + 8. Suppose -3 - 9 = 2*b. Let t be (-3 - b) + (-1 - -3). Calculate f(t).
3
Let q(d) be the first derivative of -d**3/3 - 3*d**2/2 - 2*d - 43. Give q(-4).
-6
Let m(z) be the third derivative of -z**2 + 1/120*z**6 + 0 - 1/24*z**4 + 0*z**5 + 0*z + 1/6*z**3. Let u(p) = -p - 9. Let n be u(-7). Give m(n).
-5
Suppose 4*g + 6*g = -30. Let p(d) = d**2 + 4*d + 4. Determine p(g).
1
Let n be (-2)/5 + 51/15. Let v(z) = -5*z + 2*z**2 - n - z + 3*z**2 + z**3 + 0*z**3. Determine v(-6).
-3
Let r(l) = 5*l**2 + 4*l. Let n(p) = -39*p**2 - 33*p. Let h(u) = 4*n(u) + 33*r(u). Give h(-1).
9
Let g(c) = 16*c**3 + c**2 + c. Let f(r) = r**3 + 8*r**2 + 8*r + 10. Let w be f(-7). Suppose -8*l - 5 = -w*l. Determine g(l).
-16
Let g = 6 + 0. Let d(q) = q - 5*q + 2*q - 2 + g. Determine d(3).
-2
Let o(b) = -16*b + 59. Let l(y) = 3*y - 12. Let d(x) = -11*l(x) - 2*o(x). Determine d(7).
7
Let f = -7 - -4. Let o(b) = b + 3. Calculate o(f).
0
Let f = -14 - -14. Let x(q) = 7 + f*q + 3*q - 2*q. What is x(0)?
7
Let r be (-2)/8 + 1/4. Let m(o) = o**2 + o - 1. Let l(g) = 2*g**2 + 2*g - 5. Let j(v) = l(v) - m(v). What is j(r)?
-4
Suppose 4 = 3*p - 14. Suppose -2*l = -4 - p. Let u(m) = m**3 - 4*m**2 - 5*m + 7. What is u(l)?
7
Let n(k) = 9*k**2 - 33*k. Let g(t) = -t**2 + 4*t. Let m(o) = -33*g(o) - 4*n(o). Let a(s) = s - 1. Let w be a(2). Give m(w).
-3
Let g(t) = -6*t + 2. Let b be (1/(-2))/((-34)/(-204)). Determine g(b).
20
Let c = 6 + -8. Suppose 3*i + 3*f = 12, -i - f - 3*f + 7 = 0. Let h(b) = 0 + b**2 + 2*b - i*b**2 - 1. Calculate h(c).
-13
Let u(p) = -3*p**3 - 8*p**2 + 5*p - 1. Let b(j) = 5*j**3 + 12*j**2 - 8*j + 1. Let n(c) = 5*b(c) + 8*u(c). Give n(3).
-12
Let z = 11 - 13. Let v(g) = -3*g - 3. Calculate v(z).
3
Let r(y) = -y - 5. Let i be r(-7). Let v be ((-6)/15)/(1/(-5)). Let q(d) = -i + v - 3*d. What is q(-2)?
6
Let s be 6*(-2)/4 + 10. Let y(m) = -3*m**3 + 11*m**2 + 21*m + 3. Let f(c) = -2*c**3 + 7*c**2 + 14*c + 2. Let w(o) = -7*f(o) + 5*y(o). What is w(s)?
1
Let a(i) = -i**3 + 9*i**2 - 12*i + 8. Let j = 206 - 198. Give a(j).
-24
Let p(i) = 2*i**2 + 0*i**2 - i**2 - 6*i + 4 - 1. Give p(5).
-2
Let p be (15/(-20))/((-1)/4). Let r(j) = 4*j - p*j + j + 4 - 11. Determine r(6).
5
Let m(q) = -q**2 - 13*q + 36. Let s be m(-15). Let y(w) = w**2 - 3*w - 5. Calculate y(s).
13
Let z be 92/30 + 3/(-1). Let l(x) be the third derivative of 1/120*x**6 + 0*x + 1/2*x**3 + 0 - x**2 + 1/12*x**4 - z*x**5. What is l(3)?
0
Let d(v) = v**3 + 3*v**2 - 5*v - 4. Suppose k - 4 = h + 3*k, 4*k - 8 = 2*h. Calculate d(h).
0
Suppose 0 = -4*j + 2*j + 12. Let f(w) = -4*w**2 + 11*w**2 - 5*w**2 + 6*w - 3*w**2. Determine f(j).
0
Let o be -5 + (-2 + 1 - -1). Let d(g) = 7*g**2 - 3*g + 12. Let m(p) = 13*p**2 - 5*p + 21. Let u(a) = -11*d(a) + 6*m(a). Give u(o).
4
Let k = 6 - 12. Let p = k - -9. Suppose 4*b - 2*b = -p*m + 3, -2*m + 2 = 4*b. Let y(h) = -8*h**3 + h**2 - 1. What is y(m)?
-8
Let b(j) = -4*j + 2. Let s(u) = 3*u - 3. Let t(k) = -4*b(k) - 5*s(k). Give t(-8).
-1
Let a(r) be the third derivative of r**6/120 + 23*r**2. Give a(-1).
-1
Let d = 139 + -138. Let f(l) = 7*l**3 + l - 1. Determine f(d).
7
Let m(f) = f + 3. Suppose -117 = -0*r + 3*r. Let k be (-152)/26 - (-6)/r. Calculate m(k).
-3
Let n be (1 - -1 - 2) + 3. Let g(z) = z**2 - 5*z + 2. Calculate g(n).
-4
Let m(d) = d - 1. Let r(x) = 11. Let n(a) = 2*m(a) + r(a). Give n(-7).
-5
Suppose 4*q = q - 5*u + 10, 5*q = -4*u + 34. Let g be (-1 + 2 + -2)*15. Let s be (6/q)/(3/g). Let l(o) = 2*o + 4. Calculate l(s).
-2
Let o(v) = 2*v - 2. Let c = 3 + -1. Suppose -4 - 4 = -c*q. Suppose 2*s - 2 = q. Give o(s).
4
Let i(d) = 2*d**2 + 5*d. Let r(c) = -c**2. Let t(y) = i(y) + 3*r(y). Let u be ((-24)/10)/(6/(-15)). What is t(u)?
-6
Let o = -9 + 6. Let p(x) = x**3 + 3*x**2 + 4. Determine p(o).
4
Suppose -2 - 2 = -w. Let z be (7/(-2) - 0)*-2. Suppose -z = r + m - w, r + 3*m + 11 = 0. Let v(o) = -4*o. Determine v(r).
-4
Suppose 5*z - 81 = 19. Suppose x + 4*x = z. Let t be 22/(-8) + (-1)/x. Let c(s) = -s**2 - s - 2. Determine c(t).
-8
Suppose -3 = 2*b + g, 3*b - 8*g - 15 = -3*g. Let w(v) = -v**2 - v - 6. Determine w(b).
-6
Suppose -5*z = -23 - 7. Suppose -2*b = b - z. Let q(f) = 2*f - 9*f + 3 - b. Calculate q(1).
-6
Suppose -i = -2*h, 0*i - i - 9 = -5*h. Let z be ((-6)/4)/(i/(-12)). Let y(k) = -2*k + 3. Give y(z).
-3
Let h(w) = -2 - 9*w**3 - w**2 + w + 10*w**3 + 8. Let j be (1/(-1))/(-1) + -1. Determine h(j).
6
Let c(g) = -g - 7. Let r = 57 + -52. Calculate c(r).
-12
Let k = -107 - -109. Let v(y) = 3*y**3 + 4*y**2 - 3*y + 4. Let n(l) = l**3 + l**2 - l + 1. Let h(b) = 4*n(b) - v(b). Calculate h(k).
6
Suppose -4*h = 4*s - 0*s, 4*h = 5*s + 45. Let q(n) = 0*n + 2*n - h*n**2 - 3*n - 4 + 4*n**2. Calculate q(-3).
-10
Let p(i) = 2*i**2 - 5*i**2 + 2*i + i**2 - 1. Give p(2).
-5
Suppose i + 3*i + 20 = 0. Let b(d) = -d + 2. Calculate b(i).
7
Let u(v) = 863*v**2 - 858*v**2 - v**3 - 1 - 4. Calculate u(4).
11
Let w = -3 - -2. Let i(t) = 4*t**3 + 5*t**2 - 5*t - 10. Let b(p) = -p**3 + p + 1. Let s(d) = w*i(d) - 3*b(d). Calculate s(-5).
-3
Let l(a) = -2*a**2 + 2. Let i = 29 - 31. Determine l(i).
-6
Let n(h) be the second derivative of h**3/2 - h**2/2 - 2*h. Suppose -r = -5*i - 19, 5*i = 2*r - 5*r - 23. Let z = r - -3. Determine n(z).
5
Let m(n) = -6. Let c(k) = -k - 11. Let f(h) = -6*c(h) + 11*m(h). Let q be f(1). Let w(l) = -l**2 + 6*l - 1. Determine w(q).
-1
Let d = 10 - 7. Let a = 7 - d. Let y(t) = -3 - a*t**3 - 5*t**2 + 5*t**3 + 4*t**2 + 2. What is y(2)?
3
Let w(g) = 0*g**3 - g**2 - g**3 + g + 3 - 2*g - 2. Let t be -3 - -1 - 8/(-1). Let l be t/21 + 2/(-7). What is w(l)?
1
Let t(a) = -a + 8. Let o be t(4). Suppose -5*k = -5*p + 10, -4*k = -2*k + o*p - 26. Let s(n) = n**3 - 3*n**2 - 3*n + 1. Give s(k).
-8
Let j(u) be the first derivative of u**4/4 - 2*u**3/3 + 3*u**2 + 3*u - 5. Let b(x) = -6*x**3 + 10*x**2 - 31*x - 16. Let m(s) = 2*b(s) + 11*j(s). Give m(-3).
-2
Suppose -8*p = -56 + 40. Let g(l) = l**2 + l. Let y(t) = -t**3 + 2*t**2 + 4*t + 1. Let w(v) = -2*g(v) + y(v). Give w(p).
-3
Let b(y) be the first derivative of -y**4/4 + 2*y**3/3 + 3*y**2/2 + 2*y - 17. What is b(3)?
2
Let a(x) = -x**3 - 6*x**2 - x + 4. Let m(s) = -s**3 - 7*s**2 - s + 5. Let r(k) = 5*a(k) - 4*m(k). Suppose -2*w - 3*w = 10. Give r(w).
2
Let h(o) be the third derivative of o**4/24 + o**3 - 7*o**2. Determine h(5).
11
Let x(k) = -k. Let l(j) = -12*j**3 + j**2 + j. Let n = -3 + 2. Let h be l(n). Suppose 2*b = 4*f + 4 + h, 2*f = -b - 12. What is x(b)?
2
Let i be (0/(-1))/(1*-1). Let o(v) be the second derivative of -1/12*v**4 + 3*v**2 + 0*v**3 + 0 - v. What is o(i)?
6
Let l(c) = -c + 9. Let a(n) = n**2